st the prime factors of a.
2, 7
Let c = -33 - -51. Suppose 4*r = -c + 34. List the prime factors of (-2)/(r*5/(-710)).
71
Let w(p) = 14032*p**3 - 29*p**2 + 26*p + 2. What are the prime factors of w(1)?
3, 1559
Let j = 111 - 171. Let h = -57 - j. Suppose -h*c + 184 = -230. List the prime factors of c.
2, 3, 23
Let b = 7321 - -36907. List the prime factors of b.
2, 11057
Let t(r) = 193*r - 21. Let m be t(4). Suppose 0 = b - m - 192. What are the prime factors of b?
23, 41
Suppose 0 = -4*t - 2*t + 126. Suppose t*n = 25*n - 276. Suppose n = 5*s - 16. List the prime factors of s.
17
Suppose 12*c = -5*f + 17*c + 310, 2*f = 5*c + 121. List the prime factors of f.
3, 7
Let g = 4935 - 915. What are the prime factors of g?
2, 3, 5, 67
Let q be -2 + -3 + 2 + 10. Let h(i) = 4 + i - i**3 + 2*i**3 + 8*i**2 + 0 - q*i. List the prime factors of h(-8).
2, 13
List the prime factors of (0 - 8/20)*(76 - 22181).
2, 4421
Let n(z) = -z**2 + 8*z + 344. Let m be n(20). Suppose -3*p - p + 660 = 0. Let f = p - m. List the prime factors of f.
61
Let t = -27710 + 40900. What are the prime factors of t?
2, 5, 1319
Let q(x) = 382*x**2 + 197*x + 1233. List the prime factors of q(-6).
3, 43, 107
Let z = -67 - -71. Suppose 2*f - z*f = 5*v - 15, -f + 8 = 3*v. Suppose -f*p + o + 1343 = 0, 0*p - p = 3*o - 275. List the prime factors of p.
269
Let n be 901/424 + (-1)/8. Let a be 0 - -7 - (-1)/(-1). Suppose 120 = n*d + a*d. List the prime factors of d.
3, 5
Suppose -18*d = -8*d + 410. Let m = d + 1019. What are the prime factors of m?
2, 3, 163
Let t(p) = p**2 - 30*p + 30. Let a be t(23). Let j = -131 - a. Suppose j = -d - 4*z + 213, -2*d - 3*z - 699 = -5*d. What are the prime factors of d?
229
Suppose 1274*m - 1272*m + 16784 = 3*g, 5*m = 4*g - 22388. What are the prime factors of g?
2, 3, 233
Suppose 328*r = 343*r + 204488 - 535073. List the prime factors of r.
22039
Suppose 5*d - 35 = -5*n, 2*n + 3*n = 3*d + 11. Suppose -2*h + 4*w - 2*w + 790 = 0, -d*h = 5*w - 1209. What are the prime factors of h?
2, 199
Suppose 0 - 3 = 3*v. Suppose 86*z + 16 = 102*z. List the prime factors of ((-246)/6)/(v*z).
41
Suppose -38608 = 5*d - 0*d - 9*d. List the prime factors of d.
2, 19, 127
Let n(v) = 17*v**3 + 7*v**2 + v + 13. Let l be n(5). Suppose -12*f + l = -1978. List the prime factors of f.
2, 179
Suppose 423*l = 431*l - 168. Let i(b) = 20*b - 1. Let r be i(3). Let o = r - l. List the prime factors of o.
2, 19
Let y(x) = 7*x**2 - 52*x + 77. Let w(z) = -9*z**2 + 54*z - 78. Let m(c) = -3*w(c) - 4*y(c). What are the prime factors of m(33)?
5, 71
Let i(p) = -6*p + 2*p - p - 8*p - 40. What are the prime factors of i(-6)?
2, 19
Let s(y) = -2*y**3 + 26*y**2 + 2*y + 9. Let u be 240/70*7/2. List the prime factors of s(u).
3, 107
Suppose -49808*s = -49801*s - 171164. What are the prime factors of s?
2, 6113
Let g(l) = -2*l - 5. Suppose -2 = -2*x + 3*x. Let k be g(x). List the prime factors of -198*(5 + k)/(-8).
3, 11
Let l = 934 + 3771. List the prime factors of l.
5, 941
Let n be -4*(-1)/12 + (-340)/3. Let t = -81 - n. Suppose t*u + 280 = 34*u. List the prime factors of u.
2, 5, 7
Let b be 87/58*46/3. Suppose 0 = -11*r + b + 76. Suppose -r*w = -2*w - 812. List the prime factors of w.
2, 29
Let d(u) = -23 - 9 + 32*u + 75 + 57. List the prime factors of d(14).
2, 137
Let b be (-3 - -1)*3 + 4. Let k be ((-3)/b)/((-2)/((-32)/12)). Suppose 0 = 5*q + 3*u - 504, -k*u - 2*u = 8. What are the prime factors of q?
2, 3, 17
Let w(n) = -n**3 - n**2 - 11. Let s be w(0). Let k(d) = -d - 7. Let v be k(s). Suppose -v*a + 20 = -24. What are the prime factors of a?
11
Suppose 32*c = 31*c + 853. Suppose -4*l - 273 + c = 0. List the prime factors of l.
5, 29
Suppose -5*k + 14 + 11 = 0, -2*a - 2*k = -9772. What are the prime factors of a?
3, 1627
Suppose 5*k - 1 = 3*k + h, k - 4*h = 4. Let j(i) = -4*i - 279. Let p(f) = 2*f + 140. Let r(a) = -3*j(a) - 5*p(a). List the prime factors of r(k).
137
Let c(k) = -1642*k - 1692. List the prime factors of c(-7).
2, 13, 29
Suppose -l + 6 = -5*s, -s - 3*s = 4. What are the prime factors of l + 41 - 3 - (3 + 2)?
2, 17
Let m = 106698 + -75449. List the prime factors of m.
31249
Let x be 30/195 + 3/((-39)/2329). Let u = 133 - x. List the prime factors of u.
2, 3, 13
Let j = -86 + 53. Let k = -28 - j. Suppose -3*s + k = -22. What are the prime factors of s?
3
Suppose 6*x - 5*x - 61276 = -2*g, 5*x - 183840 = -6*g. List the prime factors of g.
5, 11, 557
Let q(r) be the second derivative of r**4/12 + 5*r**3/6 - 6*r**2 + 31*r. Let o be q(-7). Suppose -392 = o*w - 9*w. What are the prime factors of w?
2, 7
Let d(x) = -1232*x - 16115. List the prime factors of d(-62).
11, 5479
Let t = 64 + -47. Let b = t - 14. Suppose -25 = -5*z, 0 = -g - g + b*z + 177. List the prime factors of g.
2, 3
Suppose 9*q - 80 = q. Let l be (((-24)/10)/(-3))/(q/725). Let j = 27 + l. What are the prime factors of j?
5, 17
Suppose c + 2*l = -3*l + 27, 0 = 5*c - 4*l - 135. Suppose 25*g - c*g = -430. List the prime factors of g.
5, 43
Suppose 90 = 5*q - 4*x, 2*q = -3*x + 7*x + 36. Suppose -q = -26*f + 25*f. What are the prime factors of f?
2, 3
Let k = 538 + 312. Suppose 0 = -5*n + 2*g + 4834 - k, -g - 3987 = -5*n. List the prime factors of n.
2, 3, 7, 19
Suppose -16*d = -5*d - 22055. Suppose 3*a - c - d = 0, 13*a = 10*a - 4*c + 2030. What are the prime factors of a?
2, 5, 67
Let a(c) = -c - 268 + 523 - 261 - 15*c**2 + 3*c + 9*c**3. What are the prime factors of a(5)?
2, 13, 29
Suppose 81711*n - 78138 = 81708*n. What are the prime factors of n?
2, 3, 1447
Let a = -6936 - -12881. List the prime factors of a.
5, 29, 41
Suppose -233*d + 65*d + 659568 = 168*d. List the prime factors of d.
13, 151
Let w(q) = q**3 + 17*q**2 - 6*q - 104. Let d be w(-17). Let p(t) = -367*t - 4. List the prime factors of p(d).
2, 5, 73
Let a = -35 - -41. Suppose -2*u - y + 656 = 0, 1314 = -2*u + a*u + y. List the prime factors of u.
7, 47
Let s(m) = -m**3 - 4*m**2 + 11*m + 2. Suppose -8*r = -7*r + 6. Let f be s(r). Let h = f + 17. What are the prime factors of h?
5
Let w be (-4 + (1 - -3))/1. Suppose w = -i + 203 + 227. Suppose 7*q = 2*q + i. What are the prime factors of q?
2, 43
Let d = 95 + -150. Let w be -5*(-2)/15*-42. Let t = w - d. What are the prime factors of t?
3
Suppose 6 = -s, 3*g + 6*s - 63771 = 11*s. List the prime factors of g.
21247
Let h(p) = -p**3 - 61*p**2 + 18*p - 82. List the prime factors of h(-63).
2, 3361
Let n be (-116)/36 + 3 + 328/18. Suppose 6 = 6*g - n. List the prime factors of 131/(g/8*2).
131
Suppose -v + 8 = 2. Suppose 0 = 2*w - f - v, -2*w + 3*f = -5 - 5. Suppose 4*r + 3*j = 248, 0*r + j = -w*r + 122. List the prime factors of r.
59
Suppose 3*h = 2*v - 7, 9*v - 4 = 2*h + 8*v. List the prime factors of (-3767)/(-15) + (h - 52/(-60)).
251
Let y(d) = -d**3 + 9*d**2 + 9*d + 6. Let z be 4/(-5)*-5 - -6. Let u be y(z). List the prime factors of (77/u)/(1/(-4)).
7, 11
Let f(h) = -361*h + 4. Let v be f(-3). Suppose -579 - v = -7*u. What are the prime factors of u?
2, 7, 17
Suppose 0 = -20*i - 174397 + 529077. List the prime factors of i.
2, 8867
Let x be (-8 + (-204)/(-24))*(-408)/2. Let y(b) = 44*b**2 + 2*b + 1. Let t be y(-2). Let l = x + t. What are the prime factors of l?
71
Let i be (2 - 6)*210/(-8). Suppose 20 = -5*k, 4*z - 5*k = -10*k - 216. Let y = i + z. List the prime factors of y.
2, 7
Let r be (0 - 2/(-9)) + 1136/72. Suppose -3*g - r = -4*a, -4*a = -11 - 5. Suppose -16*o + 15*o + 107 = g. What are the prime factors of o?
107
Let n be (-20 - 14)/((-2)/(-8)). Let l = -126 - n. Suppose -2136 = 2*c - l*c. List the prime factors of c.
3, 89
Suppose -5*p + p = 8. Let h be -4 + 6/2 + 5. List the prime factors of (p - ((-2)/h - 1))*-6.
3
Let s be -5*((3 - -4) + -8). Suppose 4*l - 6*i - 1557 = -3*i, 0 = l + s*i - 372. What are the prime factors of l?
3, 43
Let l(v) = 8*v**2 - 16*v + 1. Let n be l(-9). Let a = -544 + n. Suppose -5*c + 242 = 3*t - 367, 3*t = -2*c + a. List the prime factors of c.
2, 3, 5
Suppose -2*m = -m + 3, 0 = -4*u - 5*m + 9. Let j(d) = -d**3 + 7*d**2 - 8*d + 6. Let w be j(u). What are the prime factors of 9/w - (-82)/4?
19
Suppose 31*l - 2142756 = 35*l - 32*l. What are the prime factors of l?
3, 11, 773
Let a(m) = -9*m**2 - 13*m - 145. Let c(v) = 4*v**2 + 7*v + 73. Let k(j) = 3*a(j) + 7*c(j). L